 prime factors of a.
1109
Let z(u) = u**3 - 8*u**2 + 8*u + 1. Let t be z(7). Suppose -13*y + 9*y = -560. Suppose 4*d = t*d - y. What are the prime factors of d?
5, 7
Let w be (-3 + (-28)/(-8))*6. Suppose -13*n = -w*n - 1120. What are the prime factors of n?
2, 7
Let a(j) = -10*j - 4. Suppose -3*v + 2*v - 4 = 0. Let c be a(v). Suppose -c - 12 = -3*d. List the prime factors of d.
2
Suppose -2*s - 8 = 0, -6 = -3*t + 3*s - 0*s. List the prime factors of ((-28)/(-6))/(t/(-9)).
3, 7
Let t = 1781 + -410. List the prime factors of t.
3, 457
Let t = -57 + 61. Suppose -3*k + f + 14 + 344 = 0, -3*k - t*f + 338 = 0. List the prime factors of k.
2, 59
Let d be (-3)/((-2 + -2)/4). Let r(j) = 2*j**3 + 5*j**2 + j + 6. Let w(q) = q**2 - q + 1. Let n(h) = r(h) - 6*w(h). What are the prime factors of n(d)?
2, 3, 11
Let f = 62 + -62. List the prime factors of 5 + (f - -3) + -3 + -1.
2
Let s = -152 + 520. List the prime factors of s.
2, 23
Let d = 32 + -54. What are the prime factors of (-4)/d - (-6370)/55?
2, 29
Suppose -26*d + 14*d + 864 = 0. What are the prime factors of d?
2, 3
Let m(c) = 2*c + 4. Let g be (25 - 11)*1/(-2). Let t be m(g). Let s(r) = r**3 + 9*r**2 - 12*r + 7. List the prime factors of s(t).
3
Let o = 2508 + 374. What are the prime factors of o?
2, 11, 131
Let a(k) = k**3 - 6*k**2 + 6*k - 16. Let u be -1 + 3/9 - 23/(-3). List the prime factors of a(u).
3, 5
Suppose -1 + 3 = 2*x, -43 = -t + 3*x. Suppose -3*q = -5*c + t, -5*q = -c + 4*c - 48. What are the prime factors of c?
11
Let y(m) = m**3 - 9*m**2 + 9*m + 11. Let b be y(9). Let a = b + -59. List the prime factors of a.
3, 11
Let l = -33 - -33. Suppose -3*v + 5*c = -821, v - 3*c + c - 273 = l. What are the prime factors of v?
277
Suppose -48*q = -51*q - 321. Let f = 127 + q. List the prime factors of f.
2, 5
Let t = -2 + 6. Suppose -94*z + 98*z - 352 = 0. Suppose 0 = t*l - z - 64. List the prime factors of l.
2, 19
Suppose -5*d + 4*c + 44 = -4*d, -c = 2*d - 133. List the prime factors of d.
2
Let j(c) = 53*c - 58. What are the prime factors of j(13)?
631
Let b = 62 - -83. Suppose 5*v - 6*q - b = -4*q, -2*q = -3*v + 91. What are the prime factors of v?
3
List the prime factors of 3/6 + (1110/12)/1.
3, 31
Suppose 2*c - 3*c = -23. Let m be 0/(-1) + 0 + 4. Suppose 0 = d + 2*l - 16, -2*d - 3*l + m = -c. List the prime factors of d.
2, 3
Suppose 4*y + 20971 = 5*g, -2*g - 3794 = 5*y - 12189. List the prime factors of g.
5, 839
Suppose 194095 = -11*m + 66*m. List the prime factors of m.
3529
Let k = -7 - -5. Let r be 3 - (20/k)/2. List the prime factors of r/(-2)*(-37)/4.
37
Let q = -99 + 318. What are the prime factors of q?
3, 73
List the prime factors of 0 + 5 + 5031/9.
2, 3, 47
Let c(m) = -5*m + 59. Let w = -14 - -19. What are the prime factors of c(w)?
2, 17
Suppose -5*l - 5*i = -25, 2*i = -4*l + 6*i + 44. What are the prime factors of 16/4*18/l?
3
Let z be ((-220)/(-8))/(2/8). Let u = z + -62. What are the prime factors of u?
2, 3
Let l(t) = 2*t + 6. Let j be l(5). Let b = j - 8. Let f(y) = y**2 - 9*y + 12. List the prime factors of f(b).
2
Suppose 2*k - 21*j = -19*j + 2794, -5593 = -4*k + 3*j. List the prime factors of k.
2, 701
Suppose -18 = 3*w - 5*n, -w - 3*n - 6 = -0*n. Let r(j) = 102*j - 108*j + 4 - 3 + 5. List the prime factors of r(w).
2, 3, 7
Let d(h) = 2*h**2 - 15*h - 10. Let y be (-3 - 205/(-25))/(4/10). List the prime factors of d(y).
7, 19
Suppose 2567*j + 696 = 2569*j. What are the prime factors of j?
2, 3, 29
List the prime factors of ((-156)/130)/(1 + (-638)/635).
2, 127
Let z(s) = 93*s - 10. Let c be z(5). Suppose -i = -n - 85, 5*i - 4*n + 9*n - c = 0. What are the prime factors of i?
2, 11
Let s(w) be the first derivative of -2*w - 6 + 1/2*w**2. What are the prime factors of s(8)?
2, 3
List the prime factors of (-4 + 3 - 0) + 63 + 8.
2, 5, 7
Let x = 19 + -16. Suppose -x*g - 42 = -180. What are the prime factors of g?
2, 23
Let v(a) = -a**2 + 7*a + 11. Let n be v(9). Let u(d) be the third derivative of -d**6/120 - d**5/10 + d**4/6 + 5*d**3/6 - d**2. List the prime factors of u(n).
2, 13
Suppose s = -3, -4*o = -2*s - 2*s - 44. Suppose -o*y + 9*y - 12 = 0. What are the prime factors of y?
2, 3
Let v be -16 + (-1 - -4) + 1. Let g = v - -12. Suppose a - 2 = 0, g = 2*y - 6*y - 3*a + 22. List the prime factors of y.
2
What are the prime factors of 504 + 4 + -5 + 9?
2
Suppose 0 = 8*m + 168 + 120. Let i = m + 42. What are the prime factors of i?
2, 3
List the prime factors of (-10376)/(-72) - 3*(-2)/(-54).
2, 3
Let r(o) = 2*o**3 - o**2 - 9*o + 1. What are the prime factors of r(6)?
7
Let s be (2/(-6))/(27/324). Let r(f) = -20*f - 3. What are the prime factors of r(s)?
7, 11
Let h(g) = 8*g**3 - 63*g**3 - 2*g + 3*g + 2*g**2. List the prime factors of h(-1).
2, 7
List the prime factors of (-2)/(12/(-19129 - -1)).
2, 797
Suppose -6*p + 587 - 263 = 0. List the prime factors of p.
2, 3
Suppose -2 = 4*t + 2, -5*w = 3*t - 192. Suppose 40*g = w*g + 26. What are the prime factors of g?
2, 13
Let n(y) = 3*y**2 - 14*y - 8 - 4*y**2 + 0. Let j be n(-9). Suppose j + 12 = d - 3*f, -3*d = 2*f - 92. List the prime factors of d.
2, 17
List the prime factors of (-12 - -7)*458/(-5).
2, 229
Suppose 5*z - 2*c - 27525 = 0, -6*c = 4*z - 10*c - 22032. List the prime factors of z.
5503
Let r(d) = 2*d**2 + 11*d + 7. Let x(w) = -w**2 - 13*w - 19. Let f be x(-12). What are the prime factors of r(f)?
2, 7
Let i = 110 + 22. List the prime factors of i.
2, 3, 11
Let q(y) = -y**3 + 13*y**2 + 5. Let c be q(13). Suppose -2*g + 0 = 8. Let n = c - g. List the prime factors of n.
3
Suppose -5*u = -u - 216. Suppose s - 20 = -z - 7, -3*z + 2*s = -u. What are the prime factors of z?
2
Let b = -3003 + 6582. What are the prime factors of b?
3, 1193
Let m = 42 - 51. What are the prime factors of (10 + m)*(0 - -25)?
5
Suppose -4041 = -8*d + 327. List the prime factors of d.
2, 3, 7, 13
Let h(a) = 678*a + 604. What are the prime factors of h(5)?
2, 1997
Suppose 5*f - 24 = 1. Suppose f*m - 3 = -28. What are the prime factors of (-4)/10 + (-277)/m?
5, 11
Let s(x) = -x**3 + 6*x**2 - 7*x + 8. Let n be s(5). List the prime factors of n*6/(-3) + 29.
3, 11
Let i = 2 - -2. Suppose -2*j = 2*u - 6*u - 46, 2*j - 78 = -i*u. Suppose -4*n = s - 0*s - j, 0 = -5*n + 5. List the prime factors of s.
3
Let k(y) = 6*y + 7. Let l(a) = 5*a + 7. Let j(i) = 3*k(i) - 4*l(i). Let q be j(-5). Suppose -2*p - 2*x = -46, 5*p + q*x - 91 = 4*x. List the prime factors of p.
19
Suppose -1227 = -4*j + 1325. What are the prime factors of j?
2, 11, 29
Let k(x) = -1021*x - 43. What are the prime factors of k(-3)?
2, 5, 151
What are the prime factors of 1358 + (8 - 18 - -3)?
7, 193
Let t = -718 + 1152. List the prime factors of t.
2, 7, 31
Let y = -976 - 1368. What are the prime factors of y/(-26) + (-2)/13?
2, 3, 5
Let p(w) = -w**3 - w + 1. Let c(s) = 2*s**3 - 10*s**2 + 13*s - 17. Let a(i) = -c(i) - 3*p(i). Let k be (-3 - (-6 - -4))*11. List the prime factors of a(k).
3
Let k = 14 + 2. Let f be (-17)/(60/k - 4). Suppose -2*n - 4 = -f. List the prime factors of n.
2
Let w be 0 + 4 - (6 - 9). Suppose 0 = 2*m - 2, -m - w - 32 = -2*s. List the prime factors of s/70 + (-124)/(-7).
2, 3
Let a(y) = -14*y + 28. What are the prime factors of a(-9)?
2, 7, 11
What are the prime factors of ((-11834)/(-10) - 2) + (-45)/(-75)?
2, 3, 197
What are the prime factors of 3 + -5 + 11 - -1327?
2, 167
Suppose 7777 + 5873 = 13*a. What are the prime factors of a?
2, 3, 5, 7
Let b(y) be the third derivative of -y**6/24 - y**5/20 + y**3/6 + y**2. Let z = -82 - -80. What are the prime factors of b(z)?
29
Let d(p) = 167*p + 41. What are the prime factors of d(2)?
3, 5
Let k = -2753 - -3999. What are the prime factors of k?
2, 7, 89
Let n(r) = r**2 - 11*r - 12. Let v be n(12). Suppose 5*x - 630 = -v*x. What are the prime factors of x?
2, 3, 7
Let g = 2349 - 305. What are the prime factors of g?
2, 7, 73
Let o be (-9)/(-6)*4/3. Suppose -3*a + u + 301 = 2*u, 0 = a + o*u - 107. What are the prime factors of a?
3, 11
Let h be (-6)/(-9) - 68/3. Let o = h + 27. What are the prime factors of o?
5
Suppose -a + 2*g + 6 = 0, 3*g = -5*a + 6*g + 30. Suppose t + 2 = 0, 4*v - 4*t = a*v - 238. List the prime factors of v.
3, 41
Let w be ((-2)/6)/((-2)/12). Let a = -78 - -108. Suppose 4*s + 4*j - 96 = 0, -j =